= -l**3 + l + 8. Calculate f(0).
8
Let v(d) = 2*d**3 - 5*d**2 + 9*d - 26. Determine v(5).
144
Let d(g) = -g**3 + 4*g**2 - 2*g - 1. What is d(2)?
3
Let a(w) = w**3 + 11*w**2 + w + 12. Give a(-11).
1
Let d(h) = 3*h - 1. Calculate d(-2).
-7
Let k(u) = 4*u**2 + 5*u - 7. Give k(1).
2
Let r(l) = 18*l - 13. Calculate r(3).
41
Let w(f) = -5*f + 13. Calculate w(-6).
43
Let g(b) = b**3 + 3*b**2 + b + 15. Give g(0).
15
Let c(t) = 2*t**2 - 8*t - 13. Determine c(6).
11
Let o(x) = x**3 - 31*x**2 + 31*x - 24. Give o(30).
6
Let l(w) = 12*w**2 - 119*w - 6. Determine l(10).
4
Let g(a) = -a**2 + 24*a + 6. Calculate g(24).
6
Let l(i) = i**2 + 16*i + 12. Calculate l(-16).
12
Let j(k) = -5*k - 63. What is j(-12)?
-3
Let t(n) = -n**3 - 13*n**2 - 22*n - 5. Give t(-9).
-131
Let g(y) = -y**3 + 9*y**2 - 11*y + 5. What is g(7)?
26
Let s(w) = 2*w**2 + 10*w + 7. Calculate s(-5).
7
Let c(v) = 3*v**2 - 67*v + 25. Determine c(22).
3
Let q(o) = 2*o - 49. Calculate q(21).
-7
Let y(j) = j**3 + 17*j**2 + 34*j - 5. Calculate y(-15).
-65
Let d(a) = 25*a + 237. What is d(-10)?
-13
Let q(i) = -i - 3. Determine q(7).
-10
Let q(x) = -x. Calculate q(-1).
1
Let v(z) = -2*z**2 - 11*z + 9. Calculate v(-6).
3
Let z(o) = 7*o**2 - 4*o - 12. Give z(2).
8
Let v(k) = k**3 + 8*k**2 + 7*k - 2. Give v(-7).
-2
Let n(i) = i**2 + 21*i - 1. Calculate n(-22).
21
Let j(i) = i - 48. Give j(0).
-48
Let q(o) = 2*o**2 - o + 25. Give q(6).
91
Let v(k) = -18*k + 213. Calculate v(12).
-3
Let o(p) = 10*p**3 - 3*p + 1. What is o(-2)?
-73
Let w(l) = l**3 + 3*l**2 - 4*l + 17. Determine w(-6).
-67
Let n(t) = 25*t**2 + t. Calculate n(1).
26
Let m(v) = -4*v - 68. Calculate m(-24).
28
Let w(s) = -s**2 + s + 1. Determine w(3).
-5
Let q(a) = -a - 25. Determine q(-13).
-12
Let r(n) = 2*n + 36. What is r(-20)?
-4
Let j(i) = 2*i**3 + 14*i**2 - 19*i - 27. Give j(-8).
-3
Let m(t) = t**2 + 7*t + 10. Give m(-7).
10
Let t(q) = -q**2 - 17*q + 18. Determine t(-18).
0
Let a(n) = -n**2 - 2*n + 5. Calculate a(-4).
-3
Let q(c) = -c**3 - 12*c**2 + 7*c + 23. Give q(-12).
-61
Let b(k) = -k**3 - 5*k**2 - 2*k - 11. Give b(-5).
-1
Let d(a) = a**3 + 17*a**2 + 18*a + 40. What is d(-16)?
8
Let r(b) = -b**3 + 2*b**2 + b - 3. Calculate r(3).
-9
Let z(a) = -20*a - 123. Calculate z(-6).
-3
Let a(f) = 2*f**3 + f**2 + 3*f + 2. Give a(-1).
-2
Let a(i) = 29*i - 91. Calculate a(3).
-4
Let c(x) = -x**3 + x**2 + 5*x. Give c(4).
-28
Let t(z) = z**3 - 9*z**2 + 8. Give t(9).
8
Let j(i) = 22*i + 129. Calculate j(-6).
-3
Let p(y) = 5*y - 12. What is p(4)?
8
Let s(v) = -4*v + 64. Calculate s(15).
4
Let j(t) = t**3 + 4*t**2 + t + 7. What is j(-5)?
-23
Let b(l) = 161*l - 1609. Determine b(10).
1
Let x(s) = -2*s - 7. Calculate x(7).
-21
Let j(y) = -8*y - 26. Determine j(-6).
22
Let y(j) = -j**3 + 3*j**2 - 2*j + 3. Determine y(2).
3
Let n(p) = -p**3 + 8*p**2 - 10*p + 7. Give n(6).
19
Let d(v) = v**3 + 7*v**2 - v + 10. Determine d(-7).
17
Let d(p) = -p**3 - 17*p**2 - 17*p - 7. Calculate d(-16).
9
Let a(j) = 56*j**3 - 2*j + 1. Calculate a(1).
55
Let y(p) = p**3 - 10*p**2 + 13*p - 21. What is y(9)?
15
Let o(m) = -m**2 + 19*m - 15. What is o(18)?
3
Let p(l) = -8*l**2 - 22*l - 5. Determine p(-2).
7
Let w(y) = 3*y + 14. Give w(-6).
-4
Let q(l) = -l**3 + 2*l**2 + 3*l + 5. Calculate q(6).
-121
Let b(m) = -m**3 - 16*m**2 - 10*m + 70. What is b(-15)?
-5
Let o(b) = -18*b + 51. What is o(3)?
-3
Let f(q) = 2*q**2 + 7*q - 6. Determine f(1).
3
Let s(o) = o**2 - 20*o - 2. Calculate s(16).
-66
Let t(j) = -j**3 - 6*j**2 - 8*j - 7. Give t(-5).
8
Let q(x) = -x**2 + 39*x + 213. Calculate q(-5).
-7
Let n(b) = -b**3 + 14*b**2 + 15*b + 50. Give n(15).
50
Let t(s) = s**3 - 26*s**2 + 47*s + 4. Determine t(24).
-20
Let c(k) = -3*k**2 - 26*k - 36. Determine c(-7).
-1
Let j(d) = -d**2 + d + 41. Determine j(6).
11
Let m(o) = -15*o + 94. Determine m(6).
4
Let i(p) = 22*p**2 - 24*p - 46. Give i(-2).
90
Let s(i) = -i**3 + 11*i**2 - 11*i + 5. Calculate s(10).
-5
Let x(b) = -6*b + 3. Determine x(-3).
21
Let g(j) = j**2 + 9*j - 18. Give g(-10).
-8
Let i(v) = -v**3 + 6*v**2 - 9*v - 7. Give i(6).
-61
Let n(r) = r**2 + 4*r - 4. Calculate n(-8).
28
Let z(g) = g - 22. Give z(35).
13
Let y(d) = -33*d + 237. Determine y(7).
6
Let o(f) = -f**3 - 8*f**2 - 6*f + 1. Calculate o(-7).
-6
Let w(f) = 3*f + 10. Calculate w(-4).
-2
Let k(r) = -2*r**2 - 22*r + 4. What is k(-9)?
40
Let h(n) = n**2 - 18*n + 3. Determine h(0).
3
Let g(b) = b**3 - 13*b**2 + 30*b - 4. Calculate g(10).
-4
Let b(l) = -l**2 + 8*l + 44. Give b(-5).
-21
Let x(v) = -2*v**2 - 35*v - 158. Calculate x(-7).
-11
Let z(f) = -3*f + 3. Calculate z(-11).
36
Let q(b) = -3*b**2 - 2*b + 2. What is q(-2)?
-6
Let f(p) = -5*p**3 + 47*p**2 - 17*p - 10. What is f(9)?
-1
Let r(w) = -5*w - 2. Determine r(-7).
33
Let p(z) = 3*z**2 + 15*z - 6. What is p(-7)?
36
Let p(a) = -a**2 - 20*a - 59. Determine p(-4).
5
Let s(a) = -2*a + 27. Determine s(-18).
63
Let c(q) = -q**3 + 8*q**2 - 7*q - 5. Calculate c(6).
25
Let s(j) = j - 1. Determine s(9).
8
Let c(g) = -3*g**2 + g. Determine c(-2).
-14
Let b(q) = 7*q + 49. Give b(-6).
7
Let l(k) = -10*k + 2. Calculate l(-2).
22
Let x(h) = 6*h**2 + 15*h - 3. Calculate x(-3).
6
Let o(g) = -g**3 - 5*g**2 + 15*g + 28. What is o(-6)?
-26
Let j(s) = s**3 - 5*s**2 - 7*s + 8. Calculate j(6).
2
Let o(m) = -m**2 + 14*m - 19. Give o(12).
5
Let b(h) = h**2 + 5*h - 4. Calculate b(-6).
2
Let d(c) = -2*c**3 + 44*c**2 + 49*c - 56. Determine d(23).
13
Let f(r) = -r + 8. Give f(1).
7
Let s(x) = -24*x. Determine s(-1).
24
Let w(f) = -f**3 - 20*f**2 - 18*f + 13. Calculate w(-19).
-6
Let o(q) = -2*q**3 + 3*q**2 + q + 5. Determine o(2).
3
Let r(j) = -20*j + 2. Calculate r(1).
-18
Let s(r) = 5*r - 4. Determine s(3).
11
Let w(l) = -8*l - 1. Determine w(0).
-1
Let t(y) = -15*y + 34. Give t(4).
-26
Let o(z) = 2*z - 19. What is o(9)?
-1
Let s(y) = 2*y**2 + 41*y - 73. What is s(-22)?
-7
Let g(m) = m**3 - 3*m**2 - 4*m - 2. What is g(4)?
-2
Let y(m) = 5*m + 1. What is y(-4)?
-19
Let h(m) = 2*m**2 + 3*m - 4. Calculate h(2).
10
Let v(i) = 84*i**3 + 3*i**2 - i - 3. Determine v(-1).
-83
Let x(f) = -4*f + 10. Calculate x(0).
10
Let i(g) = -8*g + 10. Calculate i(-4).
42
Let a(g) = -3*g**2. Determine a(-1).
-3
Let b(h) = -h**3 + 19*h**2 - 16*h - 21. Give b(18).
15
Let g(d) = -d**3 + 8*d**2 - 3*d - 8. What is g(7)?
20
Let q(y) = -2*y**2 - 2*y + 5. What is q(-4)?
-19
Let m(a) = -5*a**2 + 54*a + 20. What is m(11)?
9
Let g(n) = -n**2 - 11*n - 10. Give g(-7).
18
Let z(t) = t**3 + 6*t**2 - 5*t + 18. Give z(-8).
-70
Let x(q) = -2*q**3 - 8*q**2 + 2*q + 24. What is x(-2)?
4
Let d(h) = -h**2 + 3*h + 14. Determine d(6).
-4
Let t(v) = v - 3. Determine t(6).
3
Let z(n) = n**3 - n**2 + 4*n - 25. Calculate z(3).
5
Let h(n) = -n - 19. What is h(-19)?
0
Let k(u) = 2*u - 25. Give k(8).
-9
Let k(w) = -5*w**2 + 157*w + 101. Give k(32).
5
Let o(l) = -l**3 - 9*l**2 - 8*l - 5. Calculate o(-8).
-5
Let b(u) = -u**3 - 5*u**2 + 8*u + 5. Give b(-6).
-7
Let h(g) = -3*g**2 + 2. Determine h(-2).
-10
Let l(v) = -v**3 + v - 7. Calculate l(0).
-7
Let x(n) = -17*n - 15. Determine x(-2).
19
Let q(a) = -a**2 - 16*a + 4. What is q(-16)?
4
Let y(l) = -l**3 - 3*l**2 - 2*l. Give y(-1).
0
Let g(x) = x**3 + 8*x**2 - 21*x - 10. What is g(-10)?
0
Let l(d) = -d**3 - 28*d**2 - 31*d - 114. Determine l(-27).
-6
Let p(f) = -f - 17. What is p(-10)?
-7
Let p(y) = -11*y + 52. What is p(4)?
8
Let l(i) = 7*i - 89. Determine l(12).
-5
Let j(y) = 2*y**2 + 43*y + 20. Give j(-21).
-1
Let v(c) = -c**3 - 24*c**2 + 30*c + 115. Calculate v(-25).
-10
Let d(i) = i**3 - 30*i**2 - 29*i - 57. Give d(31).
5
Let j(t) = 3*t. Give j(-2).
-6
Let l(h) = -h**2 + 9*h - 15. What is l(5)?
5
Let v(u) = -u**3 + 7*u**2 - 5*u + 1. Determine v(6).
7
Let z(v) = -v + 10. Give z(-11).
21
Let k(g) = 13*g - 3. What is k(4)?
49
Let h(j) = -j**2 + 15*j - 30. Determine h(12).
6
Let k(u) = -u**2 + 6*u + 42. Determine k(10).
2
Let d(r) = r**3 + 3*r**2 - 4*r + 5. Determine d(-4).
5
Let z(t) = -t**3 - 15*t**2 - 6*t + 13. What is z(-14)?
-99
Let b(z) = z**3 + 16*z**2 - 49*z + 157. Give b(-19).
5
Let j(m) = -m**3 + 4*m**2 + 25*m + 2. Calculate j(6).
80
Let m(d) = -d**2 + 21*d - 7. Calculate m(18).
47
Let q(n) = -8*n - 23. Give q(-4).
9
Let x(c) = -70*c**3 + 2*c**2 - 2*c + 1. Give x(1).
-69
Let k(m) = -m**3 - 7*m**2 + 2*m + 7. Give k(-7).
-7
Let a(y) = y**3 -